{"id":25,"date":"2022-03-27T18:27:59","date_gmt":"2022-03-27T16:27:59","guid":{"rendered":"https:\/\/www.casa-aventura.ch\/_wp-new\/?page_id=25"},"modified":"2022-08-14T15:38:15","modified_gmt":"2022-08-14T13:38:15","slug":"verfuegbarkeit","status":"publish","type":"page","link":"https:\/\/www.casa-aventura.ch\/_wp-new\/verfuegbarkeit\/","title":{"rendered":"Verf\u00fcgbarkeit"},"content":{"rendered":"\n<p>\u00dcberpr\u00fcfen Sie hier die Verf\u00fcgbarkeit des Hauses. Erstellen Sie eine&nbsp;<a href=\"https:\/\/www.casa-aventura.ch\/_wp-new\/reservation\/\" data-type=\"page\" data-id=\"38\">Reservation<\/a>&nbsp;wenn Ihr erw\u00fcnschter Termin vorhanden ist.<\/p>\n\n\n\n<div class=\"wp-block-booking-booking\"><div class='wpbc_only_calendar'><div id='calendar_booking_unselectable1'><\/div><span class=\"wpdevelop\"><div style=\"clear:both;height:10px;\"><\/div><div class=\"wpbc_change_over_triangle\"><style type=\"text\/css\" rel=\"stylesheet\" >.hasDatepick .datepick-inline .datepick-title-row th,.hasDatepick .datepick-inline .datepick-days-cell{ height: 3rem !important; }<\/style><div class=\"bk_calendar_frame months_num_in_row_2 cal_month_num_4 wpbc_timeslot_day_bg_as_available\" style=\"width:100%;\"><div id=\"calendar_booking1\">Calendar is loading...<\/div><\/div><textarea id=\"date_booking1\" name=\"date_booking1\" autocomplete=\"off\" style=\"display:none;\"><\/textarea><div class=\"block_hints datepick\"><div class=\"wpdev_hint_with_text\"><div class=\"block_free datepick-days-cell\"><a>17<\/a><\/div><div class=\"block_text\">- Verf\u00fcgbar<\/div><\/div><div class=\"wpdev_hint_with_text\"><div class=\"block_booked date_approved\">17<\/div><div class=\"block_text\">- Gebucht<\/div><\/div><div class=\"wpdev_hint_with_text\"><div class=\"block_pending date2approve\">17<\/div><div class=\"block_text\">- Reserviert<\/div><\/div><\/div><div class=\"wpdev_clear_hint\"><\/div><\/div> <script type='text\/javascript'>  jQuery(document).ready( function(){  date_admin_blank[1] = [];  date2approve[1] = [];  var date_approved_par = [];  init_datepick_cal('1', date_approved_par, 4 , 1, false   );  }); <\/script><\/span><\/div><\/div>\n","protected":false},"excerpt":{"rendered":"<p>\u00dcberpr\u00fcfen Sie hier die Verf\u00fcgbarkeit des Hauses. Erstellen Sie eine&nbsp;Reservation&nbsp;wenn Ihr erw\u00fcnschter Termin vorhanden ist.<\/p>\n","protected":false},"author":1,"featured_media":190,"parent":0,"menu_order":0,"comment_status":"closed","ping_status":"closed","template":"","meta":{"ngg_post_thumbnail":0,"footnotes":""},"class_list":["post-25","page","type-page","status-publish","has-post-thumbnail","hentry"],"_links":{"self":[{"href":"https:\/\/www.casa-aventura.ch\/_wp-new\/wp-json\/wp\/v2\/pages\/25","targetHints":{"allow":["GET"]}}],"collection":[{"href":"https:\/\/www.casa-aventura.ch\/_wp-new\/wp-json\/wp\/v2\/pages"}],"about":[{"href":"https:\/\/www.casa-aventura.ch\/_wp-new\/wp-json\/wp\/v2\/types\/page"}],"author":[{"embeddable":true,"href":"https:\/\/www.casa-aventura.ch\/_wp-new\/wp-json\/wp\/v2\/users\/1"}],"replies":[{"embeddable":true,"href":"https:\/\/www.casa-aventura.ch\/_wp-new\/wp-json\/wp\/v2\/comments?post=25"}],"version-history":[{"count":29,"href":"https:\/\/www.casa-aventura.ch\/_wp-new\/wp-json\/wp\/v2\/pages\/25\/revisions"}],"predecessor-version":[{"id":203,"href":"https:\/\/www.casa-aventura.ch\/_wp-new\/wp-json\/wp\/v2\/pages\/25\/revisions\/203"}],"wp:featuredmedia":[{"embeddable":true,"href":"https:\/\/www.casa-aventura.ch\/_wp-new\/wp-json\/wp\/v2\/media\/190"}],"wp:attachment":[{"href":"https:\/\/www.casa-aventura.ch\/_wp-new\/wp-json\/wp\/v2\/media?parent=25"}],"curies":[{"name":"wp","href":"https:\/\/api.w.org\/{rel}","templated":true}]}}